is divided by j.
13
Suppose s = -9*g + 4*s + 198, 5*g - 2*s - 111 = 0. Let d(o) = -10*o - 1. What is the remainder when d(-4) is divided by g?
18
Suppose -55*v - 602082 = -52*v - 120*v. What is the remainder when v is divided by 26?
24
Suppose -43*t + 441 = -30*t - 1106. Calculate the remainder when 412 is divided by t.
55
Let s(o) = 18*o + 101. Calculate the remainder when 167 is divided by s(-4).
22
Let x(b) = b**3 - 7*b**2 - 5*b + 11. Let z be x(8). Let d = 42 - z. What is the remainder when 21 is divided by (-110)/(-11)*(-1 - d/(-5))?
1
Let j(l) = -6195*l - 3. Let b be j(-3). Suppose -78 + b = 4*u. What is the remainder when u/54 - 8/(-6) is divided by 11?
10
Let v be 1144/10 - 4/10. Suppose -u = -2*o - 30, -o - 20 = -4*u + v. Let c = -30 + u. What is the remainder when 30 is divided by c?
2
Let r(z) = z**2 - 9. Let o be r(-8). Suppose 0 = -2*f - o - 179. Let a = -75 - f. What is the remainder when a is divided by 23?
19
Let w = 65 - 20. Let z(d) be the first derivative of d**3 + 4*d**2 - 12*d - 13. Calculate the remainder when w is divided by z(-5).
22
Let p(j) = -7 + 141*j - 75*j - 76*j + 2*j**2. Suppose -2*f + 4*y + 40 = 12, -4*f + 3*y = -36. What is the remainder when p(f) is divided by 3?
2
Let c(a) = -23*a - 107. Let r be c(-8). What is the remainder when 3773/r - (-5 - -1) is divided by 20?
13
Let x(i) = -30*i**3 + 5*i**2 + i - 5. What is the remainder when 37 is divided by x(-1)?
8
Suppose -4*b - 17*b + 1425 = 4*b. Calculate the remainder when b is divided by 7.
1
Suppose 353*w - 357*w = -720. Calculate the remainder when w is divided by 135.
45
Let f(a) = 4*a + 68. Let s be f(-16). Suppose -s*z + 24*l = 27*l - 133, -l = 4*z - 135. Calculate the remainder when z is divided by 12.
10
Suppose 0 = 13*u + 297 - 531. Calculate the remainder when 285 is divided by u.
15
Let k(x) = x**3 - 19*x**2 + 9*x - 136. Calculate the remainder when k(19) is divided by 12.
11
Let o = 73 - 86. Let r be 45*-1*(4 + o). Suppose -2*v - 155 = -4*v - a, -5*v + r = -a. Calculate the remainder when v is divided by 41.
39
Let y = 79 - -187. Calculate the remainder when y is divided by (536/10)/((-3836)/(-4795)).
65
Suppose -7*k + 0*k = -231. Suppose -5*n - 3*t = -t - k, 4*n + 3*t = 25. Calculate the remainder when -3 + (3 - 3) - -79 is divided by n.
6
Suppose -4*v = 1653 + 1367. Let h = 895 + v. Calculate the remainder when h is divided by 11.
8
Suppose 188 + 197 = 4*s + 3*s. Calculate the remainder when 201 is divided by s.
36
Let c(h) = -61*h - 1139. What is the remainder when c(-22) is divided by 58?
29
Calculate the remainder when 4778 is divided by (63/18*(-30)/14)/(2/(-4)).
8
Suppose 1512 = -37*n + 49*n. What is the remainder when 19 is divided by 4/(-28) + 1278/n?
9
Let p be 4/((-8)/(-26)) + -4. Suppose p*m - 229 = -31. Calculate the remainder when 90 is divided by m.
2
Calculate the remainder when 545/(-15)*(4 + (-125 - -10)) is divided by 43.
34
Suppose -112 = -2*x - 183*k + 186*k, 0 = -3*k - 6. What is the remainder when 1266 is divided by x?
47
Let q = -599 - -607. Suppose q*v - 3104 - 2752 = 0. Calculate the remainder when v is divided by 49.
46
Let u be 171/(-45) - (-1 - 12/(-10)). Let z(y) = -5*y - 11. Let h be z(u). Let f(q) = q - 5. What is the remainder when 8 is divided by f(h)?
0
Let y = 154 - 147. Suppose 4*p + y*p = 231. What is the remainder when p is divided by 3?
0
Calculate the remainder when 907 is divided by (-3)/(((-4872)/77)/(-8) + -8).
16
Let r(h) = h**3 + 13*h**2 + 10*h + 12. Let a = 5 - 8. What is the remainder when r(-12) is divided by ((-20)/7)/(a/21)?
16
Suppose 0 = 2*g - h - 60, 433*g = 432*g - 2*h + 45. Let q = 84 - -13. Calculate the remainder when q is divided by g.
31
Let a be (2/(-2))/(9 - (-460)/(-51)). What is the remainder when 12 is divided by ((-153)/a)/(3/(-7))?
5
Let k(g) = g**3 - g**2 - 4. Suppose -2*f - 141 = -157. Calculate the remainder when (-6)/(-24) - (-30)/f - -80 is divided by k(4).
40
Let b(k) = k**3 - 13*k**2 - 50*k + 53. Calculate the remainder when 200 is divided by b(16).
11
Let o be 3*((-3)/(-1) + (-55)/15). Let w be -1 - (106 + (12/(-4) - o)). Let r = w + 157. What is the remainder when 99 is divided by r?
48
Suppose 51*t - 52*t - 64 = 0. Let d be 185/(-2)*t/20. What is the remainder when ((-1)/2)/((-2)/d) is divided by 15?
14
Let b = -208 + 712. What is the remainder when b is divided by 127?
123
Let x(y) = 5*y + 35. Let v be x(-7). Suppose v = -2*i - 10, -l - 1 = -0*i + 2*i. Calculate the remainder when 70 is divided by l.
7
Suppose -20*b + 21*b + 7 = 0. What is the remainder when 348 is divided by (b - (-135)/10)*6?
36
Let t = -9 + 20. Calculate the remainder when (-6)/(((-888)/(-7659))/(8/(-18))) is divided by t.
1
Let j = 2574 - 2201. What is the remainder when j is divided by 34?
33
Suppose 3*w - 2*r - 7 = 2*w, 0 = 2*w - 3*r - 12. Suppose -6*h - w = -3*h, 0 = -3*j + h + 1573. Calculate the remainder when j is divided by 31.
28
Let x = 11492 + -11394. Calculate the remainder when 1247 is divided by x.
71
Let y = -103 + 103. Let u be 1/(-4)*y*5/10. Suppose 2*c - g - 415 = u, 4*g - 430 = -4*c + 2*c. What is the remainder when c is divided by 42?
41
Suppose 0 = 3*s - 50 - 253. Suppose 0 = 5*y - s + 26. Suppose 26 = t - u, -15 = -8*u + 3*u. What is the remainder when t is divided by y?
14
Let a = -22 - -22. Suppose z + a*z = -3*m + 11, -5*m + 37 = 4*z. Let c = -2024 - -2095. Calculate the remainder when c is divided by z.
7
Suppose 5*k - 1131*l - 66 = -1130*l, 0 = 5*k - 2*l - 62. What is the remainder when 37603 is divided by k?
13
Let m(n) = -n**3 - 35*n**2 - 3*n - 52. Let g be m(-35). Suppose -j - g = -5*c + 3*j, -3*c = 5*j - 17. What is the remainder when 15 is divided by c?
6
Let h = 24 - 26. Let b(f) = 8*f**2 + 5*f + 5. Calculate the remainder when b(h) is divided by (-3 - 0 - -1) + -82 + 92.
3
Suppose 16*f - 432 = 7*f. Calculate the remainder when 16 is divided by (-9)/((-315)/(-10)) - f/(-21).
0
Suppose 0 = n + 3*p - 16, -n + 5*p = 2 + 6. Let l be (-7)/(7/2) - -31. Let b = 37 - l. What is the remainder when b is divided by n?
1
Let q be (147 - -3)/2 + 33 + -27. Let o = q - 46. What is the remainder when 170 is divided by o?
30
What is the remainder when 121 is divided by ((-5130)/(-36))/(-19)*2/(-3)?
1
Let d(z) = z**2 + 8*z + 16. Let y be d(-4). Suppose y*b = 3*b - 9. What is the remainder when 35 is divided by (6 - b)*-1 - -23?
15
Let t(n) = -94*n - 6546. What is the remainder when t(-99) is divided by 2760?
0
Let j = 307 - 303. Suppose -62 = -3*t - j*k, t - 25 - 14 = -5*k. What is the remainder when 1103 is divided by t?
11
Suppose -l - 21*p + 22*p + 223 = 0, -3*p + 15 = 0. What is the remainder when l is divided by 8?
4
Let f = 96 - 137. Let v = f + 96. Let g(k) = -13*k + 2. What is the remainder when v is divided by g(-2)?
27
Let h be (3/(-6) + 1)*36/(-6). Let z be (-18)/(-15)*(-5)/h. Suppose z*c - 240 = -4*g, g - c = -3*g + 234. What is the remainder when g is divided by 5?
4
Let r(a) = 3*a**2 - 44*a - 1182. What is the remainder when 2440 is divided by r(-14)?
20
Suppose b - 18 = -k, -b - 4*k + 21 = -0*b. Suppose -4 = -3*f + b. Let c(o) = -2*o**2 + 17*o. What is the remainder when c(6) is divided by f?
2
Let f = -117 + 138. Let u = f - -27. Calculate the remainder when 93 is divided by u.
45
Let n = 178 + -170. Calculate the remainder when 6*(n - (-24)/6) is divided by 30.
12
Suppose 27*d = -a + 23*d + 60, 2*a = 3*d + 208. Calculate the remainder when 538 is divided by a.
78
Suppose 0 = 3*m - m + 2. Let l(n) = 2*n + 111. What is the remainder when l(-26) is divided by m + 2 + 19/1?
19
Let s(p) = -2*p + 16. Suppose -3*d + 5 + 10 = 0. Let m = 26 + -9. What is the remainder when m is divided by s(d)?
5
Let j = 194 + -189. Suppose j*m - 382 = 598. Calculate the remainder when m is divided by 11.
9
What is the remainder when 2822 is divided by -7 - (-138)/18 - -21*(-48)/(-27)?
10
Suppose -31*l + 58 = -29*l - 2*q, -q + 145 = 5*l. What is the remainder when 4432 is divided by l?
24
Suppose -3*i + 5*l + 599 = 0, -3*l - 197 = -2*i + i. Let x = -179 + i. Calculate the remainder when 93 is divided by x.
21
Let u(s) = 29*s**2 - 4*s + 2. Let x be u(4). Suppose 2*k + x = 7*k. Let t = 34 - 11. Calculate the remainder when k is divided by t.
21
Suppose 155 = 3*s - 46. Let l(t) = 4*t**2 - 16*t +